e number?
False
Is 441499 prime?
True
Is 192833 prime?
True
Is 11303 a prime number?
False
Is 1617895 prime?
False
Is 44003 a prime number?
False
Is 39637 prime?
False
Is 46261 a composite number?
False
Is 16477 composite?
False
Is 503287 a composite number?
False
Is 3817 a composite number?
True
Is 23189 a prime number?
True
Is 393203 prime?
True
Is 63409 a composite number?
False
Is 31219 a composite number?
False
Is 259321 prime?
True
Is 2927 composite?
False
Is 1061 a prime number?
True
Is 13987 a composite number?
True
Is 24713 a composite number?
True
Is 600785 prime?
False
Is 251 composite?
False
Is 1961 composite?
True
Is 4321 a prime number?
False
Is 7993 prime?
True
Is 2251 prime?
True
Is 99347 prime?
True
Is 3983 composite?
True
Is 19681 prime?
True
Is 234511 prime?
True
Is 479 composite?
False
Is 27139 prime?
False
Is 19291 prime?
False
Is 166235 composite?
True
Is 12631 prime?
False
Is 27103 a composite number?
False
Is 37351 a prime number?
False
Is 6931 a prime number?
False
Is 331739 prime?
True
Is 8143 a composite number?
True
Is 2669 a composite number?
True
Is 326063 composite?
False
Is 328226 prime?
False
Is 739 prime?
True
Is 3105007 composite?
False
Is 169045 a prime number?
False
Is 47087 composite?
False
Is 355 a composite number?
True
Is 133891 prime?
False
Is 497449 a composite number?
False
Is 9791 prime?
True
Is 489239 a prime number?
True
Is 26237 a prime number?
True
Is 266811 a prime number?
False
Is 173773 composite?
False
Is 5143 composite?
True
Is 10903 a composite number?
False
Is 24169 composite?
False
Is 46751 a prime number?
True
Is 3943 prime?
True
Is 38823 a prime number?
False
Is 4909 prime?
True
Is 27311 composite?
True
Is 31847 composite?
False
Is 1843 a composite number?
True
Is 143947 a composite number?
False
Is 227441 a prime number?
False
Is 18169 a prime number?
True
Is 14359 a prime number?
False
Is 113647 a composite number?
False
Is 1918667 prime?
True
Is 34507 a composite number?
True
Is 14813 a composite number?
False
Is 3049 prime?
True
Is 386747 prime?
True
Is 699481 a prime number?
False
Is 2411 a composite number?
False
Is 6421 a prime number?
True
Is 257137 a prime number?
False
Is 408359 a composite number?
True
Is 7717 composite?
False
Is 849 a prime number?
False
Is 220123 a composite number?
False
Is 379 prime?
True
Is 834131 a composite number?
False
Is 1085893 prime?
False
Is 2721 prime?
False
Is 5386 a composite number?
True
Is 294629 a prime number?
True
Is 929561 a composite number?
False
Is 159977 composite?
False
Is 4057 composite?
False
Is 12769 composite?
True
Is 191599 composite?
False
Is 424703 composite?
True
Is 3290927 a prime number?
True
Is 89773 a prime number?
False
Is 16573 a composite number?
False
Is 1454 a prime number?
False
Is 1367 a prime number?
True
Is 399481 a composite number?
False
Is 4237 prime?
False
Is 13067 a prime number?
False
Is 63005 a composite number?
True
Is 1009 composite?
False
Is 74117 a composite number?
True
Is 4969 a prime number?
True
Is 7261 a composite number?
True
Is 188927 prime?
True
Is 57299 a composite number?
True
Is 889 composite?
True
Is 17474 prime?
False
Is 45217 a prime number?
False
Is 143873 composite?
False
Is 110359 prime?
True
Is 1673 a prime number?
False
Is 51873 a prime number?
False
Is 41399 composite?
False
Is 15053 a prime number?
True
Is 29689 a composite number?
True
Is 2172319 a prime number?
False
Is 9327 a prime number?
False
Is 25427 prime?
False
Is 22553 composite?
True
Is 3299 composite?
False
Is 6821 a composite number?
True
Is 10079 a composite number?
False
Is 26947 composite?
False
Is 46219 a prime number?
True
Is 301009 a prime number?
False
Is 62851 a composite number?
False
Is 49519 a composite number?
True
Is 8663 a prime number?
True
Is 2140207 prime?
True
Is 910079 a prime number?
False
Is 121297 composite?
True
Is 10397 a prime number?
False
Is 10765 a composite number?
True
Is 156217 composite?
False
Is 8317 prime?
True
Is 1627601 composite?
False
Is 7993 prime?
True
Is 18853 prime?
False
Is 10249 prime?
False
Is 6805 a prime number?
False
Is 85759 prime?
False
Is 120671 a composite number?
False
Is 25613 a composite number?
True
Is 33923 composite?
False
Is 80737 a prime number?
True
Is 378493 a prime number?
True
Is 18943 a prime number?
False
Is 184241 composite?
False
Is 1429257 prime?
False
Is 963905 a composite number?
True
Is 9923 a prime number?
True
Is 822379 composite?
False
Is 1049 prime?
True
Is 5413 composite?
False
Is 2513 a prime number?
False
Is 179189 prime?
False
Is 354799 composite?
False
Is 6459 a prime number?
False
Is 7327 a composite number?
True
Is 5263 prime?
False
Is 98311 prime?
False
Is 115963 composite?
False
Is 20159 composite?
True
Is 24143 prime?
False
Is 104035 composite?
True
Is 399661 prime?
False
Is 639517 prime?
True
Is 215701 prime?
False
Is 404597 composite?
False
Is 26135 a prime number?
False
Is 40345 prime?
False
Is 116849 a prime number?
True
Is 32087 a prime number?
False
Is 3271 prime?
True
Is 1215797 prime?
False
Is 61331 composite?
False
Is 98965 a composite number?
True
Is 100159 a prime number?
False
Is 9041 composite?
False
Is 60859 a prime number?
True
Is 34283 prime?
True
Is 4198 prime?
False
Is 21059 a composite number?
False
Is 177691 prime?
True
Is 740822 a prime number?
False
Is 15877 a composite number?
False
Is 1579183 composite?
False
Is 1823 a prime number?
True
Is 24789 composite?
True
Is 2697143 composite?
True
Is 176395 a prime number?
False
Is 10883 prime?
True
Is 46887 prime?
False
Is 80915 a prime number?
False
Is 54794 prime?
False
Is 979691 composite?
False
Is 4721 a composite number?
False
Is 54079 a composite number?
True
Is 4562 a prime number?
False
Is 1660819 composite?
True
Is 615541 composite?
True
Is 29753 a composite number?
False
Is 5129147 prime?
True
Is 4493 prime?
True
Is 247301 composite?
False
Is 301439 composite?
True
Is 2725943 prime?
False
Is 10814 prime?
False
Is 53962 composite?
True
Is 223957 composite?
True
Is 64217 a prime number?
True
Is 60887 composite?
False
Is 346641 a composite number?
True
Is 6308147 a composite number?
False
Is 31907 a composite number?
False
Is 27923 a prime number?
False
Is 21221 prime?
True
Is 1511 prime?
True
Is 548957 a composite number?
False
Is 184949 prime?
True
Is 35617 a composite number?
False
Is 234571 prime?
True
Is 108505 a prime number?
False
Is 69157 composite?
True
Is 426631 prime?
True
Is 122753 composite?
False
Is 263 a composite number?
False
Is 20303 prime?
False
Is 1113317 a prime number?
True
Is 3095 composite?
True
Is 36151 a composite number?
False
Is 102995 a composite number?
True
Is 9611 composite?
True
Is 13963 prime?
True
Is 19835 composite?
True
Is 42811 prime?
False
Is 81331 a composite number?
False
Is 1505357 a composite number?
True
Is 21943 a composite number?
False
Is 3114949 a prime number?
True
Is 4391 a composite number?
False
Is 38013 a composite number?
True
Is 109073 composite?
False
Is 1369 a composite number?
True
Is 215359 composite?
False
Is 25031 prime?
True
Is 23101 a prime number?
False
Is 61327 prime?
False
Is 42551 a composite number?
True
Is 109023 a composite number?
True
Is 148429 prime?
True
Is 1536343 composite?
False
Is 245489 a prime number?
False
Is 151763 a composite number?
True
Is 44582 a prime number?
False
Is 15449 composite?
True
Is 4765 prime?
False
Is 277435 prime?
False
Is 39439 prime?
True
Is 190871 composite?
False
Is 38543 prime?
True
Is 5299 composite?
True
Is 415 composite?
True
Is 73069 a prime number?
False
Is 49273 a composite number?
True
Is 89255 a prime number?
False
Is 715727 prime?
True
Is 4385 composite?
True
Is 30518 a prime number?
False
Is 115399 a composite number?
False
Is 617579 a prime number?
True
Is 1651 a composite number?
True
Is 2879 a composite number?
False
Is 9979 a prime number?
False
Is 95701 a prime number?
True
Is 3505 a composite number?
True
Is 1591 a prime number?
False
Is 6349 composite?
True
Is 66337 a prime number?
True
Is 27509 a prime number?
True
Is 12251 prime?
True
Is 2161 composite?
False
Is 247333 composite?
True
Is 41278 composite?
True
Is 63203 a composite number?
True
Is 332017 composite?
True
Is 9391 a composite number?
False
Is 51523 a composite number?
Tru